{"id":31,"date":"2013-11-04T23:00:35","date_gmt":"2013-11-04T22:00:35","guid":{"rendered":"http:\/\/www.bandacastanoprimo.it\/blog\/?page_id=31"},"modified":"2020-03-26T18:31:49","modified_gmt":"2020-03-26T17:31:49","slug":"contatti","status":"publish","type":"page","link":"https:\/\/www.bandacastanoprimo.it\/blog\/contatti\/","title":{"rendered":"Contatti"},"content":{"rendered":"<p><iframe loading=\"lazy\" src=\"https:\/\/maps.google.it\/maps?f=q&amp;source=s_q&amp;hl=it&amp;geocode=&amp;q=Via+Ponte+Castano+1,+Castano+Primo,+MI&amp;aq=&amp;ie=UTF8&amp;hq=&amp;hnear=Via+Ponte+Castano,+1,+Castano+Primo,+Milano,+Lombardia&amp;t=m&amp;ll=45.55263,8.773763&amp;spn=0.005259,0.012896&amp;z=16&amp;iwloc=A&amp;output=embed\" marginwidth=\"0\" marginheight=\"0\" scrolling=\"no\" width=\"600\" height=\"350\" frameborder=\"0\"><\/iframe><br \/>\n<small><a style=\"color: #0000ff; text-align: left;\" href=\"https:\/\/maps.google.it\/maps?f=q&amp;source=embed&amp;hl=it&amp;geocode=&amp;q=Via+Ponte+Castano+1,+Castano+Primo,+MI&amp;aq=&amp;ie=UTF8&amp;hq=&amp;hnear=Via+Ponte+Castano,+1,+Castano+Primo,+Milano,+Lombardia&amp;t=m&amp;ll=45.55263,8.773763&amp;spn=0.005259,0.012896&amp;z=16&amp;iwloc=A\">Visualizzazione ingrandita della mappa<\/a><\/small><\/p>\n<p><strong>Corpo Musicale &#8220;Santa Cecilia&#8221;<\/strong><br \/>\nVia Ponte Castano 1<br \/>\n20022 Castano Primo (MI)<\/p>\n<p><a href=\"mailto:bandacastanoprimo@gmail.com\">bandacastanoprimo@gmail.com<\/a><\/p>\n","protected":false},"excerpt":{"rendered":"<p>Visualizzazione ingrandita della mappa Corpo Musicale &#8220;Santa Cecilia&#8221; Via Ponte Castano 1 [&hellip;]<\/p>\n","protected":false},"author":2,"featured_media":0,"parent":0,"menu_order":0,"comment_status":"closed","ping_status":"closed","template":"","meta":{"spay_email":""},"jetpack_shortlink":"https:\/\/wp.me\/P42pmM-v","jetpack_sharing_enabled":true,"jetpack_likes_enabled":true,"jetpack-related-posts":[{"id":108,"url":"https:\/\/www.bandacastanoprimo.it\/blog\/rassegna-stampa\/","url_meta":{"origin":31,"position":0},"title":"Rassegna stampa","date":"7 Novembre 2013","format":false,"excerpt":"Scrivono di noi: 02\/07\/2014 - LOGOS - 'BeerBanda' con la Santa Cecilia Dicembre 2013 - ECO DI CASTANO - Banda 2.0 29\/11\/2013 - LOGOS - Banda e corale a Morimondo 30\/10\/2013 - LOGOS - Impegni 'in musica' per la banda (di Alessio Belleri) 02\/07\/2013 - LOGOS - La banda al\u2026","rel":"","context":"Articolo simile","img":{"alt_text":"","src":"","width":0,"height":0},"classes":[]},{"id":296,"url":"https:\/\/www.bandacastanoprimo.it\/blog\/storia\/","url_meta":{"origin":31,"position":1},"title":"Storia","date":"19 Febbraio 2014","format":false,"excerpt":"Fanfara dell'oratorio 1912 Tra alterne vicende, la Banda di Castano Primo (oggi Corpo Musicale Santa Cecilia) vede la luce nel 1910 composta da due clarinetti, tre cornette, un trombone, un contralto, un bombardino e un basso. Negli anni, sotto la guida di illustri maestri quali Giovanni Paganini, Angelo Nava e\u2026","rel":"","context":"Articolo simile","img":{"alt_text":"","src":"https:\/\/i0.wp.com\/www.bandacastanoprimo.it\/blog\/wp-content\/uploads\/2014\/02\/Fanfara-oratorio-1912.jpg?resize=350%2C200&ssl=1","width":350,"height":200},"classes":[]},{"id":910,"url":"https:\/\/www.bandacastanoprimo.it\/blog\/fatti-castanesi-il-corpo-musicale-santa-cecilia\/","url_meta":{"origin":31,"position":2},"title":"Fatti Castanesi: IL CORPO MUSICALE SANTA CECILIA","date":"30 Marzo 2020","format":false,"excerpt":"di Luigi Castoldi A Castano Primo tante cose organizzate sono vissute, prosperate e poi scomparse, altre, pur in mezzo a molte difficolt\u00e0, sono riuscite a vivere, penetrando profondamente nel tessuto sociale della comunit\u00e0 per cui lea gente le ritiene cosa propria perch\u00e9 fanno parte della vita di tutti. Oggi vogliamo\u2026","rel":"","context":"Articolo simile","img":{"alt_text":"","src":"","width":0,"height":0},"classes":[]},{"id":903,"url":"https:\/\/www.bandacastanoprimo.it\/blog\/la-banda\/","url_meta":{"origin":31,"position":3},"title":"LA BANDA","date":"30 Marzo 2020","format":false,"excerpt":"di Filippo Vismara N\u00f6n da Castan sem furt\u00fcn\u00e0a, a podum propi d\u00ec da ves\u015d a cavall; gh\u2019em una banda che l\u2019\u00e8 special, l\u2019\u00e8 la banda de la Santa Cecilia, ai sunan che l\u2019\u00e8 una vera meraviglia. Quando p\u00f6 in l\u00ec pront per sint\u00ec il via, s\u00fc l\u2019atenti per atac\u00e0, l\u2019\u00e8\u2026","rel":"","context":"Articolo simile","img":{"alt_text":"","src":"","width":0,"height":0},"classes":[]},{"id":81,"url":"https:\/\/www.bandacastanoprimo.it\/blog\/luoghi\/","url_meta":{"origin":31,"position":4},"title":"Luoghi","date":"4 Novembre 2013","format":false,"excerpt":"di Gabriele Ranica Prima di trovare la sua sistemazione nei locali situati dietro la Chiesa di San Rocco, il Corpo Musicale \u201cSanta Cecilia\u201d di Castano Primo ha \u201cgirovagato\u201d qua e l\u00e0 in sedi pi\u00f9 o meno definitive rivelatesi in seguito sempre provvisorie. La prima fanfara, e il Corpo Musicale poi,\u2026","rel":"","context":"Articolo simile","img":{"alt_text":"","src":"https:\/\/i0.wp.com\/www.bandacastanoprimo.it\/blog\/wp-content\/uploads\/2013\/11\/Castano_Primo_-_San_Gerolamo.jpg?resize=350%2C200&ssl=1","width":350,"height":200},"classes":[]}],"_links":{"self":[{"href":"https:\/\/www.bandacastanoprimo.it\/blog\/wp-json\/wp\/v2\/pages\/31"}],"collection":[{"href":"https:\/\/www.bandacastanoprimo.it\/blog\/wp-json\/wp\/v2\/pages"}],"about":[{"href":"https:\/\/www.bandacastanoprimo.it\/blog\/wp-json\/wp\/v2\/types\/page"}],"author":[{"embeddable":true,"href":"https:\/\/www.bandacastanoprimo.it\/blog\/wp-json\/wp\/v2\/users\/2"}],"replies":[{"embeddable":true,"href":"https:\/\/www.bandacastanoprimo.it\/blog\/wp-json\/wp\/v2\/comments?post=31"}],"version-history":[{"count":42,"href":"https:\/\/www.bandacastanoprimo.it\/blog\/wp-json\/wp\/v2\/pages\/31\/revisions"}],"predecessor-version":[{"id":887,"href":"https:\/\/www.bandacastanoprimo.it\/blog\/wp-json\/wp\/v2\/pages\/31\/revisions\/887"}],"wp:attachment":[{"href":"https:\/\/www.bandacastanoprimo.it\/blog\/wp-json\/wp\/v2\/media?parent=31"}],"curies":[{"name":"wp","href":"https:\/\/api.w.org\/{rel}","templated":true}]}}