{"id":296,"date":"2014-02-19T13:10:17","date_gmt":"2014-02-19T12:10:17","guid":{"rendered":"http:\/\/www.bandacastanoprimo.it\/blog\/?page_id=296"},"modified":"2020-03-30T17:53:56","modified_gmt":"2020-03-30T15:53:56","slug":"storia","status":"publish","type":"page","link":"https:\/\/www.bandacastanoprimo.it\/blog\/storia\/","title":{"rendered":"Storia"},"content":{"rendered":"\n<div class=\"wp-block-columns\">\n<div class=\"wp-block-column\" style=\"flex-basis:33.33%\">\n<figure class=\"wp-block-image size-large\"><img data-attachment-id=\"309\" data-permalink=\"https:\/\/www.bandacastanoprimo.it\/blog\/storia\/attachment\/309\/\" data-orig-file=\"https:\/\/i0.wp.com\/www.bandacastanoprimo.it\/blog\/wp-content\/uploads\/2014\/02\/Fanfara-oratorio-1912.jpg?fit=800%2C1202&amp;ssl=1\" data-orig-size=\"800,1202\" data-comments-opened=\"1\" data-image-meta=\"{&quot;aperture&quot;:&quot;3.2&quot;,&quot;credit&quot;:&quot;&quot;,&quot;camera&quot;:&quot;SAMSUNG ES15 \\\/ VLUU ES15 \\\/ SAMSUNG SL30&quot;,&quot;caption&quot;:&quot;&quot;,&quot;created_timestamp&quot;:&quot;1241500043&quot;,&quot;copyright&quot;:&quot;COPYRIGHT, 2009&quot;,&quot;focal_length&quot;:&quot;6.3&quot;,&quot;iso&quot;:&quot;100&quot;,&quot;shutter_speed&quot;:&quot;0.011111111111111&quot;,&quot;title&quot;:&quot;&lt;SAMSUNG DIGITAL CAMERA&gt;&quot;}\" data-image-title=\"Fanfara dell&#8217;oratorio 1912\" data-image-description=\"\" data-image-caption=\"&lt;p&gt;Fanfara dell&#8217;oratorio 1912&lt;\/p&gt;\n\" data-medium-file=\"https:\/\/i0.wp.com\/www.bandacastanoprimo.it\/blog\/wp-content\/uploads\/2014\/02\/Fanfara-oratorio-1912.jpg?fit=199%2C300&amp;ssl=1\" data-large-file=\"https:\/\/i0.wp.com\/www.bandacastanoprimo.it\/blog\/wp-content\/uploads\/2014\/02\/Fanfara-oratorio-1912.jpg?fit=681%2C1024&amp;ssl=1\" loading=\"lazy\" width=\"681\" height=\"1024\" src=\"https:\/\/i0.wp.com\/www.bandacastanoprimo.it\/blog\/wp-content\/uploads\/2014\/02\/Fanfara-oratorio-1912.jpg?resize=681%2C1024\" alt=\"\" class=\"wp-image-309\" srcset=\"https:\/\/i0.wp.com\/www.bandacastanoprimo.it\/blog\/wp-content\/uploads\/2014\/02\/Fanfara-oratorio-1912.jpg?resize=681%2C1024&amp;ssl=1 681w, https:\/\/i0.wp.com\/www.bandacastanoprimo.it\/blog\/wp-content\/uploads\/2014\/02\/Fanfara-oratorio-1912.jpg?resize=199%2C300&amp;ssl=1 199w, https:\/\/i0.wp.com\/www.bandacastanoprimo.it\/blog\/wp-content\/uploads\/2014\/02\/Fanfara-oratorio-1912.jpg?w=800&amp;ssl=1 800w\" sizes=\"(max-width: 681px) 100vw, 681px\" data-recalc-dims=\"1\" \/><figcaption>Fanfara dell&#8217;oratorio 1912<\/figcaption><\/figure>\n<\/div>\n\n\n\n<div class=\"wp-block-column\" style=\"flex-basis:66.66%\">\n<p> Tra alterne vicende, la Banda di Castano Primo (oggi Corpo Musicale Santa Cecilia) vede la luce nel 1910 composta da due clarinetti, tre cornette, un trombone, un contralto, un bombardino e un basso. Negli anni, sotto la guida di illustri maestri quali Giovanni Paganini, Angelo Nava e Pietro Marazzini, cresce in numero, professionalit\u00e0 ed esperienza, nonostante le forzate interruzioni dall\u2019attivit\u00e0 a causa delle guerre mondiali. Dal 1948, con l\u2019arrivo del maestro Franco Gianella, il Corpo Musicale \u201cSanta Cecilia\u201d riceve un notevole impulso, imponendosi tra le pi\u00f9 importanti bande di tutto l\u2019alto milanese e, con l\u2019ingresso nel gruppo anche di tante donne (fino ad allora un tab\u00f9 in questo tipo di formazioni) e di tanti giovani, le esecuzioni iniziarono a  spostarsi anche oltre i confini cittadini e provinciali. Dopo quasi 40  anni, nel settembre 1987, la guida passa al maestro Enrico Tinelli che,  durante i suoi 25 anni di servizio, rinnova completamente lo stile e il  repertorio musicale, proiettando la banda nel nuovo millennio, coronato  con i festeggiamenti del centenario nell\u2019anno 2010, a cui far\u00e0 seguito  la pubblicazione del cd \u201cOltre il secolo\u201d. Nel maggio 2013 la direzione  del Corpo Musicale \u201cSanta Cecilia\u201d viene affidata al maestro Mario  Arrigoni, che vanta sia una lunga esperienza nella direzione di bande  musicali, sia molti anni di carriera come membro di orchestre presso  importanti teatri.  <\/p>\n<\/div>\n<\/div>\n\n\n\n<div class=\"wp-block-columns\">\n<div class=\"wp-block-column\">\n<figure class=\"wp-block-image size-large\"><img data-attachment-id=\"310\" data-permalink=\"https:\/\/www.bandacastanoprimo.it\/blog\/storia\/olympus-digital-camera\/\" data-orig-file=\"https:\/\/i0.wp.com\/www.bandacastanoprimo.it\/blog\/wp-content\/uploads\/2014\/02\/Processione-anni-50-60.jpg?fit=783%2C496&amp;ssl=1\" data-orig-size=\"783,496\" data-comments-opened=\"1\" data-image-meta=\"{&quot;aperture&quot;:&quot;5.6&quot;,&quot;credit&quot;:&quot;&quot;,&quot;camera&quot;:&quot;C720UZ&quot;,&quot;caption&quot;:&quot;&quot;,&quot;created_timestamp&quot;:&quot;1178371653&quot;,&quot;copyright&quot;:&quot;&quot;,&quot;focal_length&quot;:&quot;16.33&quot;,&quot;iso&quot;:&quot;100&quot;,&quot;shutter_speed&quot;:&quot;0.01&quot;,&quot;title&quot;:&quot;OLYMPUS DIGITAL CAMERA&quot;}\" data-image-title=\"Processione anni &#8217;50-&#8217;60\" data-image-description=\"\" data-image-caption=\"&lt;p&gt;Processione anni &#8217;50-&#8217;60&lt;\/p&gt;\n\" data-medium-file=\"https:\/\/i0.wp.com\/www.bandacastanoprimo.it\/blog\/wp-content\/uploads\/2014\/02\/Processione-anni-50-60.jpg?fit=300%2C190&amp;ssl=1\" data-large-file=\"https:\/\/i0.wp.com\/www.bandacastanoprimo.it\/blog\/wp-content\/uploads\/2014\/02\/Processione-anni-50-60.jpg?fit=783%2C496&amp;ssl=1\" loading=\"lazy\" width=\"783\" height=\"496\" src=\"https:\/\/i0.wp.com\/www.bandacastanoprimo.it\/blog\/wp-content\/uploads\/2014\/02\/Processione-anni-50-60.jpg?resize=783%2C496\" alt=\"\" class=\"wp-image-310\" srcset=\"https:\/\/i0.wp.com\/www.bandacastanoprimo.it\/blog\/wp-content\/uploads\/2014\/02\/Processione-anni-50-60.jpg?w=783&amp;ssl=1 783w, https:\/\/i0.wp.com\/www.bandacastanoprimo.it\/blog\/wp-content\/uploads\/2014\/02\/Processione-anni-50-60.jpg?resize=300%2C190&amp;ssl=1 300w\" sizes=\"(max-width: 783px) 100vw, 783px\" data-recalc-dims=\"1\" \/><figcaption>La banda durante una processione alla fine degli anni \u201950<\/figcaption><\/figure>\n<\/div>\n\n\n\n<div class=\"wp-block-column\">\n<figure class=\"wp-block-image size-large\"><img data-attachment-id=\"377\" data-permalink=\"https:\/\/www.bandacastanoprimo.it\/blog\/storia\/corpo_musicale_santa_cecilia_castano_primo_-_concerto_abbazia_morimondo_2013\/\" data-orig-file=\"https:\/\/i0.wp.com\/www.bandacastanoprimo.it\/blog\/wp-content\/uploads\/2014\/02\/Corpo_Musicale_Santa_Cecilia_Castano_Primo_-_Concerto_abbazia_Morimondo_2013.jpg?fit=2048%2C1364&amp;ssl=1\" data-orig-size=\"2048,1364\" data-comments-opened=\"1\" data-image-meta=\"{&quot;aperture&quot;:&quot;0&quot;,&quot;credit&quot;:&quot;&quot;,&quot;camera&quot;:&quot;&quot;,&quot;caption&quot;:&quot;&quot;,&quot;created_timestamp&quot;:&quot;0&quot;,&quot;copyright&quot;:&quot;&quot;,&quot;focal_length&quot;:&quot;0&quot;,&quot;iso&quot;:&quot;0&quot;,&quot;shutter_speed&quot;:&quot;0&quot;,&quot;title&quot;:&quot;&quot;}\" data-image-title=\"Concerto Morimondo 2013\" data-image-description=\"\" data-image-caption=\"&lt;p&gt;Concerto all&#8217;abbazia di Morimondo &#8211; Dicembre 2013&lt;\/p&gt;\n\" data-medium-file=\"https:\/\/i0.wp.com\/www.bandacastanoprimo.it\/blog\/wp-content\/uploads\/2014\/02\/Corpo_Musicale_Santa_Cecilia_Castano_Primo_-_Concerto_abbazia_Morimondo_2013.jpg?fit=300%2C199&amp;ssl=1\" data-large-file=\"https:\/\/i0.wp.com\/www.bandacastanoprimo.it\/blog\/wp-content\/uploads\/2014\/02\/Corpo_Musicale_Santa_Cecilia_Castano_Primo_-_Concerto_abbazia_Morimondo_2013.jpg?fit=1024%2C682&amp;ssl=1\" loading=\"lazy\" width=\"1024\" height=\"682\" src=\"https:\/\/i0.wp.com\/www.bandacastanoprimo.it\/blog\/wp-content\/uploads\/2014\/02\/Corpo_Musicale_Santa_Cecilia_Castano_Primo_-_Concerto_abbazia_Morimondo_2013.jpg?resize=1024%2C682\" alt=\"\" class=\"wp-image-377\" srcset=\"https:\/\/i0.wp.com\/www.bandacastanoprimo.it\/blog\/wp-content\/uploads\/2014\/02\/Corpo_Musicale_Santa_Cecilia_Castano_Primo_-_Concerto_abbazia_Morimondo_2013.jpg?resize=1024%2C682&amp;ssl=1 1024w, https:\/\/i0.wp.com\/www.bandacastanoprimo.it\/blog\/wp-content\/uploads\/2014\/02\/Corpo_Musicale_Santa_Cecilia_Castano_Primo_-_Concerto_abbazia_Morimondo_2013.jpg?resize=300%2C199&amp;ssl=1 300w, https:\/\/i0.wp.com\/www.bandacastanoprimo.it\/blog\/wp-content\/uploads\/2014\/02\/Corpo_Musicale_Santa_Cecilia_Castano_Primo_-_Concerto_abbazia_Morimondo_2013.jpg?w=2048&amp;ssl=1 2048w\" sizes=\"(max-width: 1024px) 100vw, 1024px\" data-recalc-dims=\"1\" \/><figcaption>Concerto all&#8217;abbazia di Morimondo (Dicembre 2013)<\/figcaption><\/figure>\n<\/div>\n<\/div>\n\n\n\n<p><a href=\"https:\/\/www.bandacastanoprimo.it\/blog\/fatti-castanesi-il-corpo-musicale-santa-cecilia\/\">FATTI CASTANESI: Il Corpo Musicale Santa Cecilia (di Luigi Castoldi)<\/a><\/p>\n\n\n\n<p><a href=\"https:\/\/www.bandacastanoprimo.it\/blog\/la-banda-2\/\">LA BANDA (di Pipeen Crespi) <\/a><\/p>\n\n\n\n<p><a href=\"https:\/\/www.bandacastanoprimo.it\/blog\/la-banda\/\">LA BANDA (di Filippo Vismara)<\/a><\/p>\n","protected":false},"excerpt":{"rendered":"<p>Tra alterne vicende, la Banda di Castano Primo (oggi Corpo Musicale Santa [&hellip;]<\/p>\n","protected":false},"author":2,"featured_media":0,"parent":0,"menu_order":0,"comment_status":"open","ping_status":"open","template":"","meta":{"spay_email":""},"jetpack_shortlink":"https:\/\/wp.me\/P42pmM-4M","jetpack_sharing_enabled":true,"jetpack_likes_enabled":true,"jetpack-related-posts":[{"id":910,"url":"https:\/\/www.bandacastanoprimo.it\/blog\/fatti-castanesi-il-corpo-musicale-santa-cecilia\/","url_meta":{"origin":296,"position":0},"title":"Fatti Castanesi: IL CORPO MUSICALE SANTA CECILIA","date":"30 Marzo 2020","format":false,"excerpt":"di Luigi Castoldi A Castano Primo tante cose organizzate sono vissute, prosperate e poi scomparse, altre, pur in mezzo a molte difficolt\u00e0, sono riuscite a vivere, penetrando profondamente nel tessuto sociale della comunit\u00e0 per cui lea gente le ritiene cosa propria perch\u00e9 fanno parte della vita di tutti. Oggi vogliamo\u2026","rel":"","context":"Articolo simile","img":{"alt_text":"","src":"","width":0,"height":0},"classes":[]},{"id":108,"url":"https:\/\/www.bandacastanoprimo.it\/blog\/rassegna-stampa\/","url_meta":{"origin":296,"position":1},"title":"Rassegna stampa","date":"7 Novembre 2013","format":false,"excerpt":"Scrivono di noi: 02\/07\/2014 - LOGOS - 'BeerBanda' con la Santa Cecilia Dicembre 2013 - ECO DI CASTANO - Banda 2.0 29\/11\/2013 - LOGOS - Banda e corale a Morimondo 30\/10\/2013 - LOGOS - Impegni 'in musica' per la banda (di Alessio Belleri) 02\/07\/2013 - LOGOS - La banda al\u2026","rel":"","context":"Articolo simile","img":{"alt_text":"","src":"","width":0,"height":0},"classes":[]}],"_links":{"self":[{"href":"https:\/\/www.bandacastanoprimo.it\/blog\/wp-json\/wp\/v2\/pages\/296"}],"collection":[{"href":"https:\/\/www.bandacastanoprimo.it\/blog\/wp-json\/wp\/v2\/pages"}],"about":[{"href":"https:\/\/www.bandacastanoprimo.it\/blog\/wp-json\/wp\/v2\/types\/page"}],"author":[{"embeddable":true,"href":"https:\/\/www.bandacastanoprimo.it\/blog\/wp-json\/wp\/v2\/users\/2"}],"replies":[{"embeddable":true,"href":"https:\/\/www.bandacastanoprimo.it\/blog\/wp-json\/wp\/v2\/comments?post=296"}],"version-history":[{"count":17,"href":"https:\/\/www.bandacastanoprimo.it\/blog\/wp-json\/wp\/v2\/pages\/296\/revisions"}],"predecessor-version":[{"id":932,"href":"https:\/\/www.bandacastanoprimo.it\/blog\/wp-json\/wp\/v2\/pages\/296\/revisions\/932"}],"wp:attachment":[{"href":"https:\/\/www.bandacastanoprimo.it\/blog\/wp-json\/wp\/v2\/media?parent=296"}],"curies":[{"name":"wp","href":"https:\/\/api.w.org\/{rel}","templated":true}]}}